o + 2 + 68 = -l, 0 = -2*o + l + h. What are the prime factors of o?
2, 7
Let v be (2/6)/((-2)/(-618)). Suppose 3*a - 267 - v = -2*g, -3 = 3*g. What are the prime factors of a?
2, 31
Let i(j) = j**2 + 14*j - 8. Let a be i(-20). Suppose 5*q - 602 = 2*k, -4*k - a = -2*q + 132. List the prime factors of q.
2, 3, 5
Let j(x) = x - 2. Let d be j(2). Suppose d = 3*m - 4*m + 3. List the prime factors of 25*(m + (-6)/3).
5
Let k = -1124 - -1608. What are the prime factors of k?
2, 11
Suppose 0 = -m - 2*m - 36. Let v be (m - 6)*(-2)/6. What are the prime factors of -38*(15/v + -3)?
19
Suppose 3*h + 1356 + 298 = 4*c, 4*h - 404 = -c. List the prime factors of c.
2, 103
Suppose -7*m = -2*m + 4*j - 28, 4*j + 12 = 0. Let w be (-154)/m + 3/12. Let b = 59 + w. List the prime factors of b.
2, 5
Let w(o) = -12*o**3 + 6*o**2 - 4*o + 14. List the prime factors of w(-4).
2, 3, 149
Suppose 7*p + 394 = 3796. List the prime factors of p.
2, 3
Let x = 530 + -358. Let t = 359 - x. List the prime factors of t.
11, 17
Let x = 538 + 751. List the prime factors of x.
1289
Let i be 36/14 - (10/(-7) - -1). Suppose -i*j + 786 = 3*t, -t + 4*t = -2*j + 786. What are the prime factors of t?
2, 131
Let b(h) = h**2 + 4*h + 3. Suppose -13*d + 5*d = -56. What are the prime factors of b(d)?
2, 5
List the prime factors of (-14)/(-42) + 6972/9.
5, 31
What are the prime factors of 6836/6*57/38?
1709
Suppose 0*f + 3*u - 369 = -3*f, -5*u - 15 = 0. List the prime factors of f.
2, 3, 7
Let u(m) = -15*m**2 + m - 1. Let r be u(-2). Let w = r + 141. What are the prime factors of w?
2, 3, 13
Suppose 8016 = 15*c - 1119. What are the prime factors of c?
3, 7, 29
Let p = -788 + 1418. What are the prime factors of p?
2, 3, 5, 7
Let t = 27 - -13. Let z = t - -107. What are the prime factors of z?
3, 7
Suppose -i = -7*h + 5*h + 1392, 0 = 4*i - 16. List the prime factors of h.
2, 349
Suppose 4*o + 20 = 0, -5*k - 8*o + 1035 = -4*o. What are the prime factors of k?
211
Let v(l) = 11*l**2 - l - 2. Let g(h) = h**3 - 24*h**2 - 24*h - 22. Let f be g(25). List the prime factors of v(f).
2, 47
Let l = 1 - 37. Let v = l + 46. List the prime factors of v.
2, 5
Let a be 3/7 + 1032/42. Suppose a*v - 2376 = 13*v. What are the prime factors of v?
2, 3, 11
Let p(u) = -118*u**3 - u**2 - 1. What are the prime factors of p(-1)?
2, 29
Let z(j) = 38*j**2 - 39*j - 84. List the prime factors of z(-2).
2, 73
What are the prime factors of (-14613)/(-12) + 19/76?
2, 3, 7, 29
Let g(f) be the first derivative of -f**4/12 - 5*f**3/3 - 7*f**2/2 - 8*f + 7. Let t(v) be the first derivative of g(v). What are the prime factors of t(-9)?
2
Suppose -9*d + 1774 = 244. What are the prime factors of d?
2, 5, 17
Let f(u) = -u**3 - 5*u**2 - 3*u - 10. Let x be f(-5). Let j = -72 - -184. Suppose 238 = 5*i + 2*o, -2*i - j = -4*i - x*o. What are the prime factors of i?
2, 23
What are the prime factors of 310/(-775) - 12997/(-5)?
23, 113
Let s(z) = -29*z**3 - 5*z**2 - 5*z - 18. Let d(f) = -5*f**3 - f**2 - f - 3. Let q(h) = 34*d(h) - 6*s(h). List the prime factors of q(3).
2, 3, 11
Suppose 3930 = 2*j - 34*a + 29*a, 4*j - 7828 = 2*a. List the prime factors of j.
5, 17, 23
Let a = 109 + -175. Let w = 80 + a. List the prime factors of w.
2, 7
Let f(u) = -u**2 + 13*u. Let n be f(14). Let y = n - -18. Suppose -y = -s + 5. List the prime factors of s.
3
Let n be 354/(-9) + 2/(-3). What are the prime factors of (-816)/n + 6/10?
3, 7
List the prime factors of 21/((-705)/(-115) - 6).
7, 23
Let z = 19 - 8. Let i = z + -11. Suppose 3*n + 12 = i, 5*n + 165 = 5*p + 40. List the prime factors of p.
3, 7
Suppose 0 = 5*b - 2*m - 3381, -3*m + 7*m = -b + 685. What are the prime factors of b?
677
Let m be (-6)/6 - -5*1. Suppose -q = -2 - 3, -136 = -3*t + m*q. What are the prime factors of t?
2, 13
What are the prime factors of 3/18 - (-505)/30?
17
Let o(x) = -x**3 - 11*x**2 + 10*x - 19. Let q be o(-12). Suppose -3*u = -6*u - q*z + 259, 4 = -z. List the prime factors of u.
3, 31
Suppose 11*d - 11152 = -3023. What are the prime factors of d?
739
Let u = -363 - -925. List the prime factors of u.
2, 281
Let b be 0 + 0 + 5*14. Suppose 6*y - 95 = 3*y - 2*p, b = 2*y + 3*p. What are the prime factors of y?
29
Let x(f) = -2*f**2 - 9*f + 14. Let k be x(6). Let l = k + 206. Let b = l - 44. List the prime factors of b.
2, 5
Let l(u) = 277*u**2 + 43*u + 122. What are the prime factors of l(-3)?
2, 11, 113
Suppose 3*f = 2*v - 3*v + 440, 0 = 2*v + f - 865. List the prime factors of v.
431
Let f(c) = c**3 - 14*c**2 - 15*c + 25. What are the prime factors of f(22)?
3, 29, 41
Let f(j) = 671*j - 5. What are the prime factors of f(1)?
2, 3, 37
Let p = -39 - -41. Suppose p*u - 48 = -0*u. List the prime factors of u.
2, 3
Let h(a) = -a**2 + a + 8. Let f be h(6). Suppose 2*k = -71 + 159. Let v = f + k. List the prime factors of v.
2, 11
Suppose 5*u - 3 = 7. Let t(o) = -5*o**u + 6*o**2 + 5*o**2. What are the prime factors of t(-2)?
2, 3
Let q(m) = -3*m + 12. Let w be q(8). Let u = w + 12. Suppose u*l - l = -28. What are the prime factors of l?
2, 7
Let i(j) = j**3 + 6*j**2 + j + 7. Let t be i(-6). Let d be 2 + t - 2/(-2). Suppose d*c + 4*g = 140, 0*g - 38 = -c - 4*g. List the prime factors of c.
2, 17
Let u = 48 + -50. What are the prime factors of -2 + 153 - (1 + u)?
2, 19
Let s(i) = 4*i - 13. Let m be s(6). List the prime factors of (m/4 + -5)/((-3)/328).
2, 3, 41
Suppose 5*h - 17864 = 2516. List the prime factors of h.
2, 1019
Let g(a) = 16*a**2 - 5*a - 2. Suppose -2*b - 3*b = -2*y - 19, 4*b - 8 = -2*y. List the prime factors of g(y).
2, 3
List the prime factors of (12/(-10))/((-13)/(81250/4)).
3, 5
Let i be 530/3 + (-4)/(-12). Let o = -91 + i. What are the prime factors of o?
2, 43
Let m = 70 + -69. What are the prime factors of (m - 1/2)/(2/456)?
2, 3, 19
Suppose -344 = -3*r - r. Suppose -z - 10 + r = 0. Let m = z + -38. List the prime factors of m.
2, 19
Suppose 0 = 4*j - 1710 - 802. What are the prime factors of j?
2, 157
List the prime factors of (40/60)/((-2)/(-13788)).
2, 3, 383
Let b(q) = -2*q**3 + 5*q + 5. Let n(d) = d**2 - 18*d + 15. Let a be n(17). What are the prime factors of b(a)?
11
Let v(z) = -2*z**3 - 4*z**2 - 6*z - 4. Let w be v(-2). List the prime factors of 474/24 + 2/w.
2, 5
Let z(v) = -2*v - 2. Let l be z(-1). Suppose 2*u - 56 = -4*a, l = 5*u - 4*a - 37 - 89. List the prime factors of u.
2, 13
Let v = -187 - -345. Let m = v + -96. List the prime factors of m.
2, 31
Let t(d) = 31*d**2 - 4*d + 4. Let n be 55/11 + 1 + (-8)/2. What are the prime factors of t(n)?
2, 3, 5
Suppose 60 = 75*t - 80*t. Let r(q) = -10*q + 60. What are the prime factors of r(t)?
2, 3, 5
What are the prime factors of (64/12)/((-20)/(-1770))?
2, 59
Let x be (-5)/(25/16)*-40. Suppose -r + 4*r + 3*c = 222, x = 2*r - 3*c. What are the prime factors of r?
2, 5, 7
Suppose -2*f - 8 = 0, 14 = 2*m - 2*f - 8. Let a = 10 - m. Suppose 0*b - 30 = -c + 4*b, -90 = -a*c - 2*b. What are the prime factors of c?
2, 3, 5
Let v(q) = 2*q**3 + 23*q**2 - 8*q - 19. What are the prime factors of v(-10)?
19
Let n(w) = -2*w + 52. List the prime factors of n(10).
2
Let c be (16800/(-18))/(-4)*(1 + 2). Let q = -468 + c. List the prime factors of q.
2, 29
Suppose -3*a + 9 = -3. Suppose a*k = 9*k - 115. Let r = k + 17. What are the prime factors of r?
2, 5
Let j(g) = 16*g**2 + 3*g - 3. Suppose -3*u = 2*k - 18, k + 3*u - 7*u = -13. List the prime factors of j(k).
2, 3, 5
Let q(n) = -9*n**3 + 11*n**2 + 12*n - 48. Let u(o) = -3*o**3 + 4*o**2 + 4*o - 16. Let s(r) = 3*q(r) - 8*u(r). List the prime factors of s(-4).
2, 11
Suppose 0*y - 312 = -6*y. Suppose -316 = -8*n + y. List the prime factors of n.
2, 23
Suppose -5*g - g = -732. What are the prime factors of g?
2, 61
Let t(m) = 4*m**2 - 15*m - 1. Let w(i) = 5*i**2 - 15*i - 1. Let v(r) = -6*t(r) + 5*w(r). Let n be v(-12). List the prime factors of (-84)/n - (-2)/(-5).
2
Let o(g) = g**3 + 3*g**2 - 3*g + 4. Let f be o(-4). Suppose 2*h - 16 + 6 = f. What are the prime factors of h/(-2)*152/(-10)?
2, 19
Let f = -17 + 26. Suppose 5*a - 5 = 3*x, f = a + 2*x - x. Suppose 5*h - 8 = 3*b + 14, -h = -a*b - 1. What are the prime factors of h?
5
Suppose 0*z + 2*z = -3*p + 283, 3*z - 379 = -4*p. List the prime factors of p.
7, 13
Let g be (-15)/(-2) + (-7)/14. Let n = 0 + g. Let f = n + 2. L